)*-15. What is the greatest common divisor of t and 45?
15
Let t = 642 + -620. What is the highest common factor of t and 44?
22
Suppose 3*a = -0*d + 2*d - 63, -72 = -3*d - 3*a. Suppose 8*s - 619 + d = 0. Let p = s + -34. What is the highest common divisor of p and 10?
10
Let b(f) = -7*f - 9. Let u be b(-2). Suppose -u*g - 2*h + 0*h = 458, -5*g - 454 = h. Let l = g + 108. Calculate the greatest common divisor of l and 2.
2
Suppose 0*a = 2*v - 5*a - 10831, a - 21673 = -4*v. What is the highest common divisor of 36 and v?
18
Suppose 52*a - 63*a = -121. Suppose a*u - 201 = 195. What is the greatest common divisor of u and 126?
18
Let d(y) = -342*y - 303. Let i be d(-1). What is the greatest common divisor of 6 and i?
3
Let i = 154 + -148. Suppose -3*d + i = 0, 4*d - 2*d + 44 = 3*z. Calculate the greatest common factor of z and 8.
8
Let g(t) = t**3 - 46*t**2 + 94*t - 206. Let l be g(44). Calculate the greatest common factor of l and 928.
58
Suppose -28*g - 21*g + 16*g + 244497 = 0. What is the highest common divisor of g and 93?
31
Suppose -2*b - 291 = -295, -3*w + 229 = -4*b. Calculate the highest common divisor of w and 22831.
79
Let f = -587 + 953. Suppose -q - 8*n + f = -4*n, 0 = -3*n - 9. What is the highest common divisor of q and 162?
54
Let r = 139 + -98. Suppose -2*m - 5*n = r, -m - n - 19 = -0*m. Let b be 1 - (-1 + m + 2). Calculate the greatest common factor of 9 and b.
9
Let w be (3 + (-30)/9)/(1/(-21)). Suppose w*t = -16*t + 9177. What is the greatest common factor of t and 57?
57
Suppose -28*g = -113*g + 151980. What is the highest common divisor of 12 and g?
12
Let x be ((-2320)/48)/((-75)/90). Let c be (464/(-20))/(1/(-5)). What is the highest common factor of c and x?
58
Let f be ((-2075)/100)/(9/(-8676)). What is the highest common divisor of f and 83?
83
Let x = 34 + -32. Suppose -4*z = 0, -3*d + 6*z - x*z = -21. Let q = d + 2. What is the greatest common divisor of q and 72?
9
Suppose -25*g + 3845 = 38*g - 1636. Let p(d) = 2*d**3 - 2*d**2 - 2*d - 1. Let b be p(3). What is the greatest common factor of b and g?
29
Suppose -58*w = -1208 - 1750. Let c = -294 - -515. Calculate the greatest common divisor of c and w.
17
Let i be 760/100 + (-9)/15. Suppose 2 + 4 = 2*d. Suppose 0 = 5*t - 20, -i*t + d*t - 919 = -5*m. What is the greatest common factor of m and 11?
11
Suppose -205*k + 201*k + 32 = 2*n, 0 = -n - 3*k + 14. Calculate the highest common divisor of n and 112.
4
Let y = -17 + 17. Suppose 7*v + 2*v - 261 = y. Suppose 6*k + v - 83 = 0. What is the greatest common divisor of k and 36?
9
Let v(j) = -j**3 - 31*j**2 - 44*j - 132. Let s be v(-30). What is the greatest common factor of 2368 and s?
32
Let z be ((-24)/64)/(-1) - 505/(-40). Calculate the greatest common divisor of 5759 and z.
13
Let y(z) = z**2 - 37*z + 350. Let s be y(22). Suppose 0*j + j = 5*r - 39, -15 = -2*r + j. What is the highest common factor of s and r?
4
Let n = -7 + -1. Let x(u) = u**3 + 9*u**2 + 7*u - 7. Let h be x(n). Let i be 114 + (h + -1)/(-1). What is the greatest common factor of i and 76?
38
Suppose z = 4*z, 2*f + 435 = 7*f - 2*z. Calculate the highest common divisor of f and 5829.
87
Let y be 54/(-108) + 349/2. Calculate the greatest common factor of 1421 and y.
29
Let t(y) = 14*y**2 - 76*y + 240. Let u be t(3). Let g(c) = -30*c + 4. Let v be g(-6). Calculate the greatest common divisor of u and v.
46
Let k be 0 + 95856/15 - (138/(-30) - -5). What is the greatest common divisor of k and 71?
71
Suppose -429 + 324 - 462 = -27*i. Let l be 1/4 + 22/8. Calculate the greatest common factor of l and i.
3
Let y(x) = -x**3 + 5*x**2 + x. Let r(w) = 2*w**3 - 6*w**2 + w + 1. Let u(v) = -2*r(v) - 3*y(v). Let s be u(-2). Calculate the highest common factor of 18 and s.
2
Let g(y) = 57*y**3 - 5*y**2 + 3*y + 3. Let z be g(2). Calculate the highest common divisor of z and 5.
5
Let k be (-6)/(-14) - (-11)/(77/(-3832)). Let x = k + 763. What is the greatest common divisor of x and 9?
9
Let k = -113 + 683. Let i be (1 - (-10)/(-6))/((-38)/k). Calculate the greatest common divisor of i and 10.
10
Let v be (-3 - 6/(-18))*702/(-8). What is the highest common divisor of 858 and v?
78
Let a(n) = -4158*n**3 + 9*n**2 + 3*n - 4. Let f be a(-1). Calculate the highest common divisor of 65 and f.
65
Let h = 226 + -157. Let i be 54/(-81)*(-3 - h). Calculate the highest common factor of i and 3.
3
Let l be (-39)/15 - (-8)/(-20). Let d(c) = -2*c**2 - 7*c - 3. Let p be d(l). Suppose -2*i + 64 + 224 = p. What is the highest common divisor of 18 and i?
18
Let y = -13847 - -14407. Calculate the greatest common divisor of y and 3780.
140
Suppose -107 = 5*h - 752. Let q = 194 - h. Suppose 0 = -6*s + s + 5*l + 130, -2*l = 0. Calculate the highest common divisor of q and s.
13
Let n be (-13 - (-25)/5)*810/(-8). Suppose -7*k - n = -16*k. Let t be (-4 - k/(-21)) + (-1998)/(-14). What is the greatest common factor of t and 13?
13
Let w = 6051 + -5841. What is the highest common divisor of 690 and w?
30
Suppose -4*q + 198 = 46. Suppose -2*k + 14 = -8. Let v = k + 8. Calculate the highest common divisor of v and q.
19
Let i(b) = -b. Let g be i(-5). Suppose g*y - 28 = y. Suppose y*n = -n + 40. Calculate the greatest common divisor of 15 and n.
5
Let k = 3964 - 3604. Calculate the greatest common divisor of k and 270.
90
Let j = -148 - -295. Suppose 71 = 2*y + 29. Calculate the highest common divisor of j and y.
21
Let n(q) = 3*q - 3. Let t be n(2). Suppose -g = t*g. Let c = 5 + g. What is the highest common divisor of c and 25?
5
Let k be 2 - (7*-3)/(-3). Let x be -26*k/(-20)*-2. Suppose -4*c = -4*h + 6*h - 198, 0 = -5*c + 3*h + 275. What is the highest common divisor of x and c?
13
Suppose 33*q - 36*q + 3771 + 7488 = 0. Calculate the highest common divisor of 54 and q.
27
Let f = -84 + 128. Suppose 3*k - 2*b - f = 0, -5*k + 4*b + 0*b = -70. Let t be -3 - 1 - (-2)/(352/(-1320)*(-6)/8). What is the highest common factor of k and t?
6
Suppose 0 = -9*p + 5*p + 20, 2*p = -5*c + 105. Calculate the highest common divisor of c and 2869.
19
Suppose 0 = 20*a - 44583 - 317. What is the greatest common factor of a and 5?
5
Let t be (-2)/((-2400)/(-1206) + -2). Suppose -2*f = -t + 71. Let m = -24 + 50. Calculate the highest common divisor of m and f.
13
Let k be 642/8 - (-4)/96*-6. Let j = 96 - k. What is the greatest common divisor of j and 208?
16
Suppose l + 5*z - 78 = 0, -78*l = -73*l - 4*z - 419. What is the highest common factor of 332 and l?
83
Let a be 20/8 + ((-20)/8)/(-5). Let z be 1 - (5 + -4 - a). What is the greatest common divisor of 87 and z?
3
Let s = -175 - -175. Suppose -14*o + 13*o + 74 = s. What is the highest common divisor of 259 and o?
37
Let d = -556 + 856. Suppose 301*z = d*z + 60. Calculate the highest common factor of z and 30.
30
Suppose 5*j - 3*m = 34821, -4*j + 79*m - 83*m + 27876 = 0. Calculate the greatest common factor of j and 43.
43
Let v be ((-1)/(-2) - (-105)/(-30)) + 49. Let m be v - (-4 + 6 - -5). What is the greatest common divisor of m and 312?
39
Let p = 116 - 32. Let t be p - (-1 - (-2 + -6)). Calculate the highest common divisor of t and 462.
77
Let n be ((-103040)/(-4160))/((-2)/(-26)). Calculate the highest common factor of 1886 and n.
46
Let x(d) = 5*d**2 + 29*d + 54. Let p be x(-6). Calculate the greatest common factor of p and 2140.
20
Let i be (-7)/(-1*(-2)/(-8)). Let s = -1227 - -2227. Suppose 0*q = 5*w - 4*q - s, 0 = -3*w - q + 583. Calculate the highest common factor of i and w.
28
Let z be (-5 + 17/3)/((-1)/(-12)). Let t be z/(-14) - 894/(-21). What is the highest common divisor of 147 and t?
21
Let y = 4 - 467. Let s = y - -803. Calculate the greatest common factor of s and 20.
20
Suppose 5*h - 3*n + 47 = -2*n, -h = 3*n + 19. Let m be (-414)/(-4)*h/(-15). Suppose -68*o + m*o - 165 = 0. Calculate the highest common divisor of o and 15.
15
Let c(x) = x**3 - 9*x**2 + 18*x + 11. Let z be c(4). What is the highest common factor of 1 and z?
1
Let q(k) = 12*k - 24. Let v be q(4). Suppose 19*y - 35 = 12*y. Suppose -y*f = -13*f + 960. What is the greatest common factor of f and v?
24
Suppose -10*l + 8*l - 186 = -4*u, 0 = 5*u - l - 231. Let d = 70 - u. Calculate the highest common factor of 408 and d.
24
Let i = -44 + 44. Suppose n + 29 - 38 = i. Calculate the